18.
74
Calculate the highest common factor of 2 and 7.
1
Calculate the greatest common factor of 54 and 3156.
6
What is the highest common divisor of 65 and 169?
13
Calculate the greatest common divisor of 20 and 690.
10
What is the greatest common factor of 12699 and 153?
153
Calculate the highest common divisor of 17 and 170.
17
Calculate the greatest common factor of 702 and 5902.
26
What is the greatest common divisor of 3760 and 480?
80
Calculate the highest common divisor of 135 and 7965.
135
Calculate the highest common factor of 5632 and 88.
88
What is the greatest common factor of 1050 and 294?
42
Calculate the highest common divisor of 462 and 126.
42
What is the highest common factor of 21444 and 24?
12
Calculate the greatest common factor of 18382 and 52.
26
What is the greatest common factor of 38 and 18?
2
What is the highest common divisor of 435 and 15?
15
What is the greatest common factor of 23 and 69?
23
Calculate the greatest common divisor of 4 and 746.
2
Calculate the greatest common divisor of 1008 and 1170.
18
What is the greatest common factor of 6 and 1026?
6
What is the highest common factor of 280 and 1160?
40
What is the highest common factor of 13 and 52?
13
Calculate the greatest common factor of 2891 and 21.
7
Calculate the highest common divisor of 102 and 1734.
102
What is the greatest common factor of 1225 and 35?
35
Calculate the highest common factor of 288 and 270.
18
Calculate the greatest common divisor of 22359 and 87.
87
Calculate the highest common factor of 420 and 7.
7
What is the highest common divisor of 272 and 1972?
68
What is the greatest common factor of 111 and 9?
3
What is the greatest common factor of 28 and 21?
7
Calculate the highest common factor of 2184 and 1176.
168
What is the highest common factor of 14 and 8582?
14
What is the greatest common divisor of 4925 and 25?
25
Calculate the highest common factor of 1080 and 45.
45
Calculate the highest common divisor of 93 and 4247.
31
Calculate the highest common factor of 36 and 4572.
36
What is the greatest common factor of 24 and 68?
4
Calculate the highest common divisor of 851 and 37.
37
Calculate the greatest common factor of 10 and 1930.
10
Calculate the highest common divisor of 16 and 1312.
16
What is the highest common factor of 340 and 255?
85
What is the highest common divisor of 135 and 945?
135
Calculate the greatest common divisor of 180 and 828.
36
What is the greatest common divisor of 134 and 469?
67
What is the greatest common factor of 71 and 284?
71
What is the highest common divisor of 84 and 224?
28
What is the highest common divisor of 14 and 182?
14
What is the greatest common factor of 18600 and 240?
120
What is the greatest common divisor of 54 and 246?
6
Calculate the greatest common factor of 174 and 290.
58
What is the greatest common factor of 391 and 17?
17
Calculate the greatest common divisor of 161 and 7.
7
What is the greatest common divisor of 2548 and 104?
52
What is the greatest common divisor of 110 and 360?
10
Calculate the greatest common factor of 35 and 3605.
35
What is the greatest common divisor of 1764 and 245?
49
What is the highest common factor of 55274 and 29?
29
Calculate the greatest common factor of 1003 and 102.
17
Calculate the greatest common factor of 18 and 171.
9
What is the highest common divisor of 8 and 3?
1
What is the greatest common divisor of 9 and 162?
9
Calculate the greatest common factor of 3409 and 14.
7
What is the greatest common factor of 187 and 11?
11
What is the highest common divisor of 1144 and 44?
44
What is the highest common factor of 257 and 2?
1
Calculate the greatest common factor of 128 and 16.
16
What is the greatest common divisor of 90 and 675?
45
Calculate the greatest common divisor of 9 and 195.
3
Calculate the highest common factor of 16 and 72.
8
What is the greatest common factor of 7467 and 285?
57
What is the highest common factor of 722 and 494?
38
Calculate the greatest common divisor of 8 and 256.
8
Calculate the highest common divisor of 1056 and 108.
12
What is the greatest common factor of 666 and 54?
18
Calculate the highest common divisor of 80 and 16.
16
Calculate the highest common divisor of 53 and 5035.
53
Calculate the highest common divisor of 25 and 20000.
25
Calculate the highest common factor of 8 and 1.
1
Calculate the highest common factor of 1368 and 304.
152
What is the greatest common factor of 15 and 735?
15
What is the greatest common divisor of 111 and 24?
3
What is the highest common divisor of 3584 and 14?
14
What is the highest common divisor of 27 and 513?
27
Calculate the highest common divisor of 451 and 82.
41
Calculate the highest common factor of 48 and 552.
24
Calculate the greatest common factor of 688 and 602.
86
What is the highest common divisor of 450 and 975?
75
Calculate the greatest common divisor of 45 and 279.
9
Calculate the highest common divisor of 10 and 24.
2
Calculate the greatest common factor of 91 and 14.
7
What is the highest common factor of 26 and 43680?
26
What is the greatest common factor of 53 and 26924?
53
Calculate the greatest common factor of 146 and 16.
2
What is the greatest common factor of 1976 and 65?
13
What is the greatest common divisor of 1099 and 21?
7
Calculate the greatest common divisor of 80 and 1535.
5
Calculate the highest common divisor of 152 and 24.
8
What is the greatest common factor of 3088 and 16?
16
What is the highest common factor of 65 and 52?
13
What is the highest common factor of 1 and 342?
1
Calculate the highest common factor of 1 and 168.
1
Calculate the highest common factor of 9 and 387.
9
Calculate the highest common divisor of 95 and 76.
19
What is the greatest common factor of 312 and 130?
26
What is the highest common divisor of 2014 and 38?
38
What is the highest common factor of 552 and 345?
69
What is the greatest common divisor of 320 and 544?
32
Calculate the greatest common divisor of 495 and 11.
11
Calculate the greatest common divisor of 70 and 1330.
70
Calculate the highest common factor of 64 and 12.
4
What is the highest common divisor of 68 and 12172?
68
What is the highest common divisor of 3 and 648?
3
What is the greatest common factor of 91 and 9373?
91
What is the greatest common factor of 4172 and 56?
28
Calculate the highest common divisor of 4300 and 100.
100
What is the highest common factor of 1110 and 240?
30
Calculate the highest common divisor of 9 and 9.
9
What is the highest common factor of 4 and 43?
1
Calculate the greatest common factor of 5408 and 32.
32
Calculate the greatest common divisor of 17 and 272.
17
Calculate the highest common factor of 20 and 30.
10
Calculate the highest common divisor of 3 and 303.
3
What is the highest common divisor of 21 and 12999?
21
Calculate the greatest common divisor of 17 and 2057.
17
What is the highest common divisor of 348 and 29?
29
Calculate the highest common factor of 1012 and 44.
44
Calculate the highest common divisor of 737 and 44.
11
What is the greatest common factor of 776 and 4?
4
What is the highest common factor of 12873 and 21?
21
Calculate the greatest common factor of 490 and 5782.
98
What is the highest common divisor of 63 and 387?
9
What is the greatest common divisor of 275 and 475?
25
Calculate the highest common divisor of 440 and 80.
40
Calculate the greatest common divisor of 32 and 80.
16
Calculate the greatest common factor of 80 and 370.
10
Calculate the greatest common factor of 525 and 21.
21
What is the greatest common divisor of 282 and 752?
94
What is the greatest common divisor of 264 and 99?
33
What is the highest common factor of 3860 and 40?
20
What is the highest common factor of 129 and 5289?
129
What is the greatest common factor of 80 and 70?
10
Calculate the highest common factor of 168 and 19362.
42
What is the greatest common factor of 2030 and 12383?
203
What is the highest common factor of 2544 and 1802?
106
What is the greatest common divisor of 92 and 92?
92
What is the greatest common factor of 96 and 22688?
32
What is the highest common factor of 22 and 1078?
22
Calculate the highest common divisor of 107 and 1391.
107
Calculate the highest common divisor of 2541 and 56.
7
Calculate the greatest common factor of 41 a